at is the remainder when 59574 is divided by 2085?
1194
Calculate the remainder when 4684821 is divided by 414.
411
What is the remainder when 9976023 is divided by 13972?
15
What is the remainder when 290430 is divided by 290271?
159
Calculate the remainder when 5358055 is divided by 22.
21
What is the remainder when 541358 is divided by 5155?
83
What is the remainder when 507 is divided by 22?
1
Calculate the remainder when 234230 is divided by 14556.
1334
Calculate the remainder when 302992 is divided by 649.
558
What is the remainder when 508757 is divided by 310?
47
What is the remainder when 891668 is divided by 190?
188
What is the remainder when 361892 is divided by 411?
212
What is the remainder when 204477 is divided by 29130?
567
What is the remainder when 8686862 is divided by 1085852?
46
What is the remainder when 12705106 is divided by 4234981?
163
What is the remainder when 36668115 is divided by 489?
450
Calculate the remainder when 25831818 is divided by 429.
12
Calculate the remainder when 11985076 is divided by 824.
820
Calculate the remainder when 86910615 is divided by 43455300.
15
Calculate the remainder when 21305937 is divided by 5.
2
What is the remainder when 31946 is divided by 450?
446
What is the remainder when 1553089 is divided by 2501?
2469
What is the remainder when 1668447 is divided by 105?
102
What is the remainder when 2302526 is divided by 766892?
1850
What is the remainder when 36540533 is divided by 3675?
8
Calculate the remainder when 1253930 is divided by 8038.
2
Calculate the remainder when 2412000 is divided by 889.
143
What is the remainder when 80988 is divided by 1047?
369
What is the remainder when 1124250 is divided by 2621?
2462
What is the remainder when 225207 is divided by 225116?
91
What is the remainder when 3919223 is divided by 983?
2
Calculate the remainder when 235725 is divided by 46966.
895
Calculate the remainder when 12945833 is divided by 1661.
1660
What is the remainder when 2878357 is divided by 906?
901
Calculate the remainder when 54552990 is divided by 14760.
30
What is the remainder when 25559828 is divided by 12779786?
256
What is the remainder when 962772 is divided by 299?
291
Calculate the remainder when 36796 is divided by 5183.
515
What is the remainder when 104003 is divided by 130?
3
Calculate the remainder when 51450 is divided by 7323.
189
What is the remainder when 1068100 is divided by 535?
240
What is the remainder when 1797997 is divided by 31?
28
What is the remainder when 162992 is divided by 13564?
224
Calculate the remainder when 26034613 is divided by 427.
423
What is the remainder when 7542 is divided by 2?
0
Calculate the remainder when 124524 is divided by 2550.
2124
What is the remainder when 6844330 is divided by 3920?
10
What is the remainder when 63259 is divided by 4824?
547
Calculate the remainder when 96060943 is divided by 3312446.
9
Calculate the remainder when 1364708 is divided by 23529.
26
What is the remainder when 58461897 is divided by 2050?
2047
Calculate the remainder when 3352751 is divided by 54.
53
Calculate the remainder when 12841 is divided by 12777.
64
Calculate the remainder when 828078 is divided by 1816.
1798
What is the remainder when 111056425 is divided by 131?
127
What is the remainder when 464816 is divided by 1102?
874
What is the remainder when 6907662 is divided by 71?
1
Calculate the remainder when 3386743 is divided by 471.
253
Calculate the remainder when 3747815 is divided by 3404.
11
Calculate the remainder when 823699 is divided by 2145.
19
Calculate the remainder when 59007 is divided by 52286.
6721
Calculate the remainder when 899411 is divided by 1678.
3
Calculate the remainder when 663498148 is divided by 278.
274
What is the remainder when 5401834 is divided by 99?
97
Calculate the remainder when 12067 is divided by 2051.
1812
Calculate the remainder when 232865 is divided by 77413.
626
Calculate the remainder when 17413858 is divided by 1731.
1729
Calculate the remainder when 118987 is divided by 127.
115
Calculate the remainder when 30200193 is divided by 874.
871
What is the remainder when 13188 is divided by 6098?
992
What is the remainder when 37815301 is divided by 12605096?
13
Calculate the remainder when 2707895 is divided by 249.
20
What is the remainder when 1402199 is divided by 225?
224
What is the remainder when 3242506 is divided by 29747?
83
Calculate the remainder when 99948 is divided by 485.
38
Calculate the remainder when 141345 is divided by 46940.
525
What is the remainder when 90136122 is divided by 16?
10
Calculate the remainder when 2394069 is divided by 25466.
265
Calculate the remainder when 394736 is divided by 190.
106
Calculate the remainder when 10405305 is divided by 11447.
11429
Calculate the remainder when 5425546 is divided by 1105.
1101
What is the remainder when 1061090495 is divided by 265272623?
3
What is the remainder when 2631635 is divided by 41?
9
Calculate the remainder when 277632 is divided by 8680.
8552
Calculate the remainder when 1510478 is divided by 11.
2
Calculate the remainder when 13279 is divided by 4114.
937
Calculate the remainder when 54374 is divided by 7762.
40
Calculate the remainder when 11225 is divided by 1749.
731
What is the remainder when 943877 is divided by 227?
11
Calculate the remainder when 284658 is divided by 94833.
159
Calculate the remainder when 107468 is divided by 194.
186
What is the remainder when 44184 is divided by 43908?
276
Calculate the remainder when 3711832 is divided by 740.
732
Calculate the remainder when 1141886 is divided by 355.
206
Calculate the remainder when 6510 is divided by 880.
350
Calculate the remainder when 478203 is divided by 27.
6
What is the remainder when 5596091 is divided by 94?
83
Calculate the remainder when 1178575 is divided by 196.
27
Calculate the remainder when 1403222 is divided by 350801.
18
What is the remainder when 1595496 is divided by 3582?
1506
Calculate the remainder when 155686 is divided by 38788.
534
Calculate the remainder when 480831 is divided by 480682.
149
What is the remainder when 15288759 is divided by 119?
115
Calculate the remainder when 2157037 is divided by 10522.
27
Calculate the remainder when 186925927 is divided by 2177.
2176
What is the remainder when 84621 is divided by 186?
177
What is the remainder when 574017 is divided by 28669?
637
What is the remainder when 92512145 is divided by 284?
281
Calculate the remainder when 52496880 is divided by 13.
7
What is the remainder when 1942027 is divided by 7356?
43
Calculate the remainder when 210500288 is divided by 770.
768
Calculate the remainder when 103229 is divided by 34259.
452
What is the remainder when 6975244 is divided by 248?
244
What is the remainder when 26110624 is divided by 253?
12
What is the remainder when 7780711 is divided by 2593567?
10
Calculate the remainder when 5400470 is divided by 15.
5
Calculate the remainder when 199348015 is divided by 5310.
5305
What is the remainder when 2275022 is divided by 7712?
7694
What is the remainder when 4120621 is divided by 25?
21
What is the remainder when 259146845 is divided by 171167?
7
What is the remainder when 6020 is divided by 5865?
155
Calculate the remainder when 140948703 is divided by 871.
870
What is the remainder when 18883000 is divided by 378?
10
Calculate the remainder when 420392 is divided by 133.
112
Calculate the remainder when 11540618 is divided by 769374.
8
Calculate the remainder when 1207424 is divided by 555.
299
Calculate the remainder when 434532 is divided by 2517.
1608
What is the remainder when 199965 is divided by 39934?
295
What is the remainder when 90774 is divided by 401?
148
Calculate the remainder when 23384127 is divided by 30.
27
Calculate the remainder when 398022 is divided by 968.
174
What is the remainder when 27328916 is divided by 50?
16
Calculate the remainder when 1085712 is divided by 1974.
12
What is the remainder when 11171546 is divided by 1732?
146
What is the remainder when 399964 is divided by 8183?
7180
Calculate the remainder when 6826449 is divided by 1167.
666
What is the remainder when 34531 is divided by 367?
33
Calculate the remainder when 1680659 is divided by 3313.
968
Calculate the remaind